m(-40)?
-8
Let j(v) = -180*v + 6342. Give j(35).
42
Let x(z) = -170*z + 1172. Give x(7).
-18
Let k(c) = -8*c - 281. Calculate k(33).
-545
Let l(i) = 6*i + 142. Determine l(-33).
-56
Let j(g) = 5168*g + 25858. Determine j(-5).
18
Let c(u) = u**3 - u**2 - 30*u + 22. Determine c(6).
22
Let s(f) = -40*f + 721. Determine s(19).
-39
Let s(m) = m**2 + 6*m + 17. What is s(9)?
152
Let l(w) = -6*w**3 + 7*w**2 - 10*w - 22. Calculate l(-1).
1
Let t(l) = 5*l**3 + 66*l**2 + 21*l + 128. What is t(-13)?
24
Let p(j) = -j**3 - 25*j**2 - 12*j - 252. Give p(-25).
48
Let z(c) = -1448*c + 2. Calculate z(0).
2
Let w(f) = f**3 + 52*f**2 - 24. Calculate w(-52).
-24
Let f(i) = -25*i - 139. What is f(-4)?
-39
Let d(u) = -2*u**3 + 445*u**2 - 2390*u + 647. Calculate d(217).
-4
Let u(y) = 483*y - 3363. Give u(7).
18
Let t(a) = 82*a - 2798. What is t(32)?
-174
Let o(k) = k**3 - 18*k**2 + 28*k - 540. Determine o(18).
-36
Let i(r) = -57*r + 2859. Determine i(50).
9
Let l(n) = -2*n**2 + 3*n - 29. What is l(3)?
-38
Let s(a) = -a**3 - 25*a**2 - 127*a + 32. Determine s(-17).
-121
Let b(p) = 61*p + 490. What is b(-8)?
2
Let q(k) = k**3 + 10*k**2 - 164*k - 1684. Give q(-11).
-1
Let p(k) = -2*k**3 + 79*k**2 - 249*k - 41. Give p(36).
67
Let t(a) = -a**3 + 27*a**2 - 144*a - 10. Give t(18).
314
Let o(q) = -q**3 + 5*q**2 - 10*q - 136. Give o(-5).
164
Let c(o) = o**2 - 37*o - 784. Determine c(52).
-4
Let m(c) = 340*c - 4084. Determine m(12).
-4
Let m(j) = -54*j + 515. Determine m(7).
137
Let j(v) = -36*v - 1191. Determine j(-38).
177
Let d(g) = 2*g - 128. Give d(19).
-90
Let q(v) = 2*v**3 + 63*v**2 + 252*v + 226. Calculate q(-27).
-17
Let s(w) = 164*w + 163. What is s(-1)?
-1
Let l(k) = -2*k**3 - 39*k**2 + 108*k - 55. What is l(-22)?
-11
Let o(w) = 277*w + 57. What is o(0)?
57
Let r(y) = -2*y**3 + 234*y**2 + 516*y - 33031. Give r(118).
9
Let l(u) = -157*u + 21. Determine l(1).
-136
Let l(f) = 3*f**3 + 5*f + 47. What is l(-5)?
-353
Let i(p) = -4*p - 31. Give i(-5).
-11
Let w(l) = -22*l**3 - 42*l**2 + 5*l + 6. Give w(-2).
4
Let q(z) = -z**3 - 5*z**2 + 22*z + 11. Give q(-9).
137
Let t(g) = -g**3 - 12*g**2 - 30*g + 41. Give t(-7).
6
Let s(k) = 1179*k - 110817. Calculate s(94).
9
Let j(t) = -76*t**2 + 1518*t + 56. Determine j(20).
16
Let f(r) = -14*r**2 + 273*r + 438. Give f(21).
-3
Let i(v) = -v**3 - 11*v**2 - 46*v - 10. Calculate i(-6).
86
Let b(t) = t**3 - 22*t**2 - 25*t + 38. What is b(23)?
-8
Let v(g) = g**3 + 14*g**2 - 364*g + 27. What is v(13)?
-142
Let i(h) = -h**3 + 13*h**2 - 33*h + 1723. Calculate i(17).
6
Let i(c) = 2*c**2 - 22*c - 721. What is i(25)?
-21
Let n(u) = -u**2 - 30*u + 53. What is n(-29)?
82
Let x(h) = -h**2 - h + 142. Calculate x(15).
-98
Let s(f) = -f**2 + 8*f + 198. Determine s(19).
-11
Let q(m) = 33*m - 323. Determine q(13).
106
Let h(n) = -2*n**2 - 292*n + 2468. Give h(-154).
4
Let b(m) = 107*m - 21192. What is b(198)?
-6
Let q(l) = 10*l**2 - 217*l - 70. Determine q(22).
-4
Let a(o) = o**3 + 11*o**2 - 229*o - 2416. What is a(-10)?
-26
Let d(n) = -n**3 - 7*n**2 + 65*n - 103. What is d(4)?
-19
Let q(u) = -u**2 - 48*u + 3512. Calculate q(40).
-8
Let x(u) = -u**2 + 29*u - 208. Give x(18).
-10
Let h(t) = t**2 + 78*t + 997. Calculate h(-62).
5
Let r(x) = 67*x**2 + 142*x + 11. Calculate r(-2).
-5
Let f(s) = -4*s + 22. Give f(13).
-30
Let m(r) = 11*r - 351. Give m(33).
12
Let k(w) = 190*w - 970. What is k(5)?
-20
Let f(b) = 553*b + 5008. Give f(-9).
31
Let d(j) = 3265*j - 6539. Calculate d(2).
-9
Let t(o) = o**3 + 22*o**2 + 56*o - 3. What is t(-19)?
16
Let d(u) = 4*u**3 - 12*u**2 - 78*u + 27. Calculate d(-5).
-383
Let n(y) = y**3 + 34*y**2 - 26*y + 314. What is n(-35)?
-1
Let u(p) = p**3 - 27*p**2 - 122*p - 62. Give u(31).
0
Let c(x) = x - 92. Calculate c(-17).
-109
Let o(a) = -16*a**3 - 11*a**2 + a - 2. What is o(1)?
-28
Let k(v) = -7*v**3 - 16*v**2 - 31*v - 28. Give k(-3).
110
Let o(x) = 4*x**2 - 298*x + 133. What is o(74)?
-15
Let o(m) = -147*m**2 - 140*m + 6. Determine o(-1).
-1
Let u(h) = 69*h - 363. Determine u(7).
120
Let o(x) = 119*x - 475. What is o(4)?
1
Let w(t) = -2*t**3 - 10*t**2 - 30*t - 53. Give w(-4).
35
Let f(k) = -k**2 + 591*k + 2966. Determine f(-5).
-14
Let a(o) = 3*o**2 - 1493*o - 7501. Give a(-5).
39
Let u(y) = -y**2 - 85*y + 1353. What is u(-99)?
-33
Let y(l) = -125*l**2 + 611*l + 78. What is y(5)?
8
Let x(y) = 13*y**3 - y**2 + 31*y + 61. Calculate x(-2).
-109
Let f(k) = -k**3 - 42*k**2 + 94*k - 98. Determine f(-44).
-362
Let p(t) = -61*t**2 + 65*t - 2. Give p(1).
2
Let w(x) = 9*x**3 - x**2 + 8*x - 9. Calculate w(1).
7
Let y(z) = -5004*z - 70068. What is y(-14)?
-12
Let a(w) = -10*w**3 + 6*w**2 - 4*w + 10. What is a(2)?
-54
Let z(t) = t**2 + 61*t + 4. Calculate z(0).
4
Let q(i) = 61*i - 370. What is q(6)?
-4
Let t(r) = -714*r - 5003. Calculate t(-7).
-5
Let v(p) = -9*p**2 + 27*p - 112. Give v(4).
-148
Let j(w) = -65*w - 443. Give j(-7).
12
Let c(m) = 360*m - 358. What is c(1)?
2
Let r(d) = -14*d**3 - d**2 - 11*d - 9. Calculate r(-1).
15
Let v(h) = -3973*h - 131116. Calculate v(-33).
-7
Let t(f) = -2*f**2 + 19*f + 221. What is t(-8)?
-59
Let v(a) = -a**2 + 216*a + 880. Calculate v(-4).
0
Let o(a) = -a**3 + 9*a**2 - 8*a + 22. Determine o(8).
22
Let v(u) = -u**3 + 99*u**2 + 4*u - 389. Determine v(99).
7
Let f(w) = w**2 + 79*w + 687. What is f(-69)?
-3
Let x(f) = -8*f**2 + 12*f - 11. What is x(1)?
-7
Let s(u) = 253*u - 1227. Give s(5).
38
Let v(s) = 65*s**2 + 3*s + 1. Determine v(2).
267
Let z(l) = 26*l - 1264. Give z(49).
10
Let l(k) = -8*k**3 - 555*k**2 - 208*k - 66. Calculate l(-69).
3
Let r(y) = 2471*y - 4991. Give r(2).
-49
Let s(d) = -18*d - 1237. What is s(-66)?
-49
Let b(g) = -g**2 + 58*g - 825. What is b(34)?
-9
Let v(w) = 118*w**2 + 8*w - 18. What is v(2)?
470
Let w(s) = 2*s**3 - 7*s**2 - 13*s - 15. What is w(-4)?
-203
Let z(a) = -a**3 + 22*a**2 + 48*a + 2. Give z(24).
2
Let f(t) = t**2 - 52*t - 453. Determine f(-8).
27
Let r(c) = -531*c - 4744. Calculate r(-9).
35
Let o(n) = n**2 - 52*n - 197. Give o(56).
27
Let x(r) = -646*r + 11627. Calculate x(18).
-1
Let d(w) = 7*w - 5. Calculate d(-21).
-152
Let f(x) = 2*x**3 - 15*x**2 - 15*x + 102. Determine f(6).
-96
Let s(a) = 5*a**2 - 110*a. What is s(22)?
0
Let v(h) = -337*h - 5022. Determine v(-15).
33
Let o(a) = 6737*a + 94333. Determine o(-14).
15
Let l(w) = 252*w + 290. Calculate l(-2).
-214
Let s(a) = 2*a**3 + 46*a**2 + 198*a - 2. Calculate s(-6).
34
Let g(h) = h**3 + 9*h**2 + 8*h - 1. What is g(-4)?
47
Let x(h) = 9*h - 129. Give x(-4).
-165
Let s(x) = -80*x - 346. Give s(-5).
54
Let o(k) = -2*k**3 - 101*k**2 - 149*k - 91. Determine o(-49).
7
Let w(t) = -t + 12. Calculate w(2).
10
Let v(m) = -m**2 + 39*m - 67. Calculate v(35).
73
Let t(x) = -1509*x + 1514. Give t(1).
5
Let i(o) = -77*o**2 + 7864*o - 1020. What is i(102)?
0
Let u(h) = h**3 - 10*h**2 - 12*h + 14. What is u(-6)?
-490
Let a(z) = -z**3 - 26*z**2 - 50*z + 6. Give a(-24).
54
Let s(l) = -l**3 - 18*l**2 - 2*l - 362. Give s(-19).
37
Let o(m) = -m**2 + 176*m - 3111. Calculate o(20).
9
Let x(f) = 605*f**2 + 3623*f - 17. What is x(-6)?
25
Let h(a) = 85*a - 214. Determine h(4).
126
Let y(i) = -141*i - 845. Calculate y(-6).
1
Let i(h) = h**3 + 23*h**2 - 39*h + 265. Calculate i(-25).
-10
Let p(v) = 39*v**3 + 5*v**2 + v - 6. Give p(-2).
-300
Let c(j) = j**3 - 58*j**2 - 2*j + 130. Calculate c(58).
14
Let n(i) = -2*i**2 + 11*i + 45. Determine n(14).
-193
Let n(k) = k**3 + 6*k**2 - 3*k - 141. What is n(-4)?
-97
Let h(x) = -2*x**3 + 46*x**2 - 43*x + 25. Determine h(22).
47
Let q(g) = -271*g**2 + 1626*g + 5. Give q(6).
5
Let g(h) = 211*h - 550. Calculate g(3).
83
Let y(m) = -m**3 + 4*m**2 + 21*m - 41. What is y(8)?
-129
Let c(h) = 9*h**2 - 186*h - 892. Calculate c(-4).
-4
Let u(y) = 4*y**2 - 36*y - 95. Give u(-2).
-7
Let l(c) = c**2 - 40*c - 1739. Give l(69).
262
Let f(m) = -34*m + 1553. Determine f(45).
23
Let x(m) = 3*m**2 - 49*m + 232. What is x(5)?
62
Let w(b) = b**3 - 67*b**2 + 6*b - 359. Give w(67).
43
Let s(c) = 6*c**2 - 61*c + 89. Give s(9).
26
Let d(m) = -2*m**2 - 44*m - 184. Give d(-16).
8
Let j(f) = 52*f - 28. Calculate j(-2).
-132
Let w(l) = 21*l + 1543. Give w(-69).
94
Let p(x) = -380*x - 56. Give p(-2).
704
Let t(a) = 343*a - 1706. Give t(5).
9
Let p(k) = -72*k - 1377. What is p(-19)?
-9
Let y(h) = -2*h**3 - 22*h**2 - 83*h - 419. C